{"id":11297,"date":"2025-04-23T23:02:09","date_gmt":"2025-04-23T16:02:09","guid":{"rendered":"https:\/\/karbonfiberplaka.com\/?page_id=11297"},"modified":"2026-03-16T11:57:40","modified_gmt":"2026-03-16T11:57:40","slug":"page-404","status":"publish","type":"page","link":"https:\/\/karbonfiberplaka.com\/index.php\/page-404\/","title":{"rendered":"404"},"content":{"rendered":"\t\t<div data-elementor-type=\"wp-page\" data-elementor-id=\"11297\" class=\"elementor elementor-11297\">\n\t\t\t\t<div class=\"elementor-element elementor-element-08d53cf e-flex e-con-boxed e-con e-parent\" data-id=\"08d53cf\" data-element_type=\"container\" data-e-type=\"container\">\n\t\t\t\t\t<div class=\"e-con-inner\">\n\t\t\t\t<div class=\"elementor-element elementor-element-42c7929 elementor-widget elementor-widget-heading\" data-id=\"42c7929\" data-element_type=\"widget\" data-e-type=\"widget\" data-widget_type=\"heading.default\">\n\t\t\t\t\t<h4 class=\"elementor-heading-title elementor-size-default\">\u00dczg\u00fcn\u00fcz! Herhalde arad\u0131\u011f\u0131n karbon fiber plakay\u0131 bulamad\u0131n.<\/h4>\t\t\t\t<\/div>\n\t\t\t\t<div class=\"elementor-element elementor-element-dd6a794 elementor-mobile-align-center elementor-widget elementor-widget-button\" data-id=\"dd6a794\" data-element_type=\"widget\" data-e-type=\"widget\" data-widget_type=\"button.default\">\n\t\t\t\t\t\t\t\t\t\t<a class=\"elementor-button elementor-button-link elementor-size-sm\" href=\"https:\/\/karbonfiberplaka.com\/shop\/\">\n\t\t\t\t\t\t<span class=\"elementor-button-content-wrapper\">\n\t\t\t\t\t\t<span class=\"elementor-button-icon\">\n\t\t\t\t<i aria-hidden=\"true\" class=\"icomoon-icon icon-arrow-long-right\"><\/i>\t\t\t<\/span>\n\t\t\t\t\t\t\t\t\t<span class=\"elementor-button-text\">T\u00fcm \u00fcr\u00fcnleri ke\u015ffet<\/span>\n\t\t\t\t\t<\/span>\n\t\t\t\t\t<\/a>\n\t\t\t\t\t\t\t\t<\/div>\n\t\t\t\t<div class=\"elementor-element elementor-element-46ecbc5 elementor-widget elementor-widget-image\" data-id=\"46ecbc5\" data-element_type=\"widget\" data-e-type=\"widget\" data-widget_type=\"image.default\">\n\t\t\t\t\t\t\t\t\t\t\t\t\t\t\t<img fetchpriority=\"high\" decoding=\"async\" width=\"1920\" height=\"1080\" src=\"https:\/\/karbonfiberplaka.com\/wp-content\/uploads\/2026\/01\/karbon-fiber-plaka-404-image.webp\" class=\"attachment-full size-full wp-image-12066\" alt=\"\" srcset=\"https:\/\/karbonfiberplaka.com\/wp-content\/uploads\/2026\/01\/karbon-fiber-plaka-404-image.webp 1920w, https:\/\/karbonfiberplaka.com\/wp-content\/uploads\/2026\/01\/karbon-fiber-plaka-404-image-300x169.webp 300w, https:\/\/karbonfiberplaka.com\/wp-content\/uploads\/2026\/01\/karbon-fiber-plaka-404-image-1024x576.webp 1024w, https:\/\/karbonfiberplaka.com\/wp-content\/uploads\/2026\/01\/karbon-fiber-plaka-404-image-768x432.webp 768w, https:\/\/karbonfiberplaka.com\/wp-content\/uploads\/2026\/01\/karbon-fiber-plaka-404-image-1536x864.webp 1536w, https:\/\/karbonfiberplaka.com\/wp-content\/uploads\/2026\/01\/karbon-fiber-plaka-404-image-600x338.webp 600w, https:\/\/karbonfiberplaka.com\/wp-content\/uploads\/2026\/01\/karbon-fiber-plaka-404-image-356x200.webp 356w\" sizes=\"(max-width: 1920px) 100vw, 1920px\" \/>\t\t\t\t\t\t\t\t\t\t\t\t\t\t\t<\/div>\n\t\t\t\t\t<\/div>\n\t\t\t\t<\/div>\n\t\t\t\t<\/div>\n\t\t","protected":false},"excerpt":{"rendered":"<p>\u00dczg\u00fcn\u00fcz! Herhalde arad\u0131\u011f\u0131n karbon fiber plakay\u0131 bulamad\u0131n. T\u00fcm \u00fcr\u00fcnleri ke\u015ffet<\/p>\n","protected":false},"author":1,"featured_media":0,"parent":0,"menu_order":0,"comment_status":"closed","ping_status":"closed","template":"","meta":{"_monsterinsights_skip_tracking":false,"_monsterinsights_sitenote_active":false,"_monsterinsights_sitenote_note":"","_monsterinsights_sitenote_category":0,"footnotes":""},"class_list":["post-11297","page","type-page","status-publish","hentry"],"aioseo_notices":[],"_links":{"self":[{"href":"https:\/\/karbonfiberplaka.com\/index.php\/wp-json\/wp\/v2\/pages\/11297","targetHints":{"allow":["GET"]}}],"collection":[{"href":"https:\/\/karbonfiberplaka.com\/index.php\/wp-json\/wp\/v2\/pages"}],"about":[{"href":"https:\/\/karbonfiberplaka.com\/index.php\/wp-json\/wp\/v2\/types\/page"}],"author":[{"embeddable":true,"href":"https:\/\/karbonfiberplaka.com\/index.php\/wp-json\/wp\/v2\/users\/1"}],"replies":[{"embeddable":true,"href":"https:\/\/karbonfiberplaka.com\/index.php\/wp-json\/wp\/v2\/comments?post=11297"}],"version-history":[{"count":14,"href":"https:\/\/karbonfiberplaka.com\/index.php\/wp-json\/wp\/v2\/pages\/11297\/revisions"}],"predecessor-version":[{"id":12323,"href":"https:\/\/karbonfiberplaka.com\/index.php\/wp-json\/wp\/v2\/pages\/11297\/revisions\/12323"}],"wp:attachment":[{"href":"https:\/\/karbonfiberplaka.com\/index.php\/wp-json\/wp\/v2\/media?parent=11297"}],"curies":[{"name":"wp","href":"https:\/\/api.w.org\/{rel}","templated":true}]}}