{"id":3,"date":"2025-12-08T13:55:46","date_gmt":"2025-12-08T13:55:46","guid":{"rendered":"https:\/\/karbonfiberplaka.com\/?page_id=3"},"modified":"2026-03-16T12:00:40","modified_gmt":"2026-03-16T12:00:40","slug":"gizlilik-politikasi","status":"publish","type":"page","link":"https:\/\/karbonfiberplaka.com\/index.php\/gizlilik-politikasi\/","title":{"rendered":"Gizlilik Politikas\u0131"},"content":{"rendered":"\n<h2 class=\"wp-block-heading\">Biz Kimiz?<\/h2>\n\n\n\n<p>https:\/\/karbonfiberplaka.com.<\/p>\n\n\n\n<h2 class=\"wp-block-heading\">Yorumlar<\/h2>\n\n\n\n<p>Ziyaret\u00e7iler sitede yorum b\u0131rakt\u0131\u011f\u0131nda, yorum formunda g\u00f6sterilen verileri; ayr\u0131ca istenmeyen yorumlar\u0131n (spam) tespitine yard\u0131mc\u0131 olmak amac\u0131yla ziyaret\u00e7inin IP adresini ve taray\u0131c\u0131 bilgilerini de toplar\u0131z.<\/p>\n\n\n\n<p>E-posta adresinizden olu\u015fturulan anonimle\u015ftirilmi\u015f bir dize (karma kod olarak da adland\u0131r\u0131l\u0131r), Gravatar hizmetini kullan\u0131p kullanmad\u0131\u011f\u0131n\u0131z\u0131 kontrol etmek amac\u0131yla Gravatar hizmetine iletilebilir. Gravatar hizmetinin gizlilik politikas\u0131na buradan ula\u015fabilirsiniz: <a href=\"https:\/\/automattic.com\/privacy\/\">https:\/\/automattic.com\/privacy\/<\/a>. Yorumunuz onayland\u0131ktan sonra, profil resminiz yorumunuzla birlikte herkese a\u00e7\u0131k olarak g\u00f6r\u00fcnt\u00fclenir.<\/p>\n\n\n\n<h2 class=\"wp-block-heading\">Medya<\/h2>\n\n\n\n<p>Web sitesine g\u00f6rsel y\u00fckl\u00fcyorsan\u0131z, konum verisi (EXIF GPS) i\u00e7eren g\u00f6rseller y\u00fcklemekten ka\u00e7\u0131nmal\u0131s\u0131n\u0131z. Web sitesini ziyaret eden ki\u015filer, sitedeki g\u00f6rselleri indirerek bu g\u00f6rsellerin i\u00e7indeki konum verilerini g\u00f6r\u00fcnt\u00fcleyebilir ve \u00e7\u0131karabilir.<\/p>\n\n\n\n<h2 class=\"wp-block-heading\">\u00c7erezler<\/h2>\n\n\n\n<p>Sitemizde yorum b\u0131rak\u0131rsan\u0131z, ad\u0131n\u0131z\u0131, e-posta adresinizi ve web sitenizi \u00e7erezlere kaydetmeyi se\u00e7ebilirsiniz. Bu, ba\u015fka bir yorum b\u0131rakt\u0131\u011f\u0131n\u0131zda bilgilerinizi tekrar doldurmak zorunda kalmaman\u0131z i\u00e7in kolayl\u0131k sa\u011flamak i\u00e7indir. Bu \u00e7erezler bir y\u0131l s\u00fcreyle ge\u00e7erli olacakt\u0131r.<\/p>\n\n\n\n<p>Giri\u015f sayfam\u0131z\u0131 ziyaret etti\u011finizde, taray\u0131c\u0131n\u0131z\u0131n \u00e7erezleri kabul edip etmedi\u011fini belirlemek i\u00e7in ge\u00e7ici bir \u00e7erez ayarlan\u0131r. Bu \u00e7erez herhangi bir ki\u015fisel veri i\u00e7ermez ve taray\u0131c\u0131n\u0131z\u0131 kapatt\u0131\u011f\u0131n\u0131zda silinir.<\/p>\n\n\n\n<p>Giri\u015f yapt\u0131\u011f\u0131n\u0131zda, giri\u015f bilgilerinizi ve ekran g\u00f6r\u00fcnt\u00fcleme tercihlerinizi kaydetmek i\u00e7in birka\u00e7 \u00e7erez daha ayarlan\u0131r. Giri\u015f \u00e7erezleri iki g\u00fcn s\u00fcreyle ge\u00e7erlidir, ekran se\u00e7enekleri \u00e7erezleri ise bir y\u0131l s\u00fcreyle ge\u00e7erlidir. &#8220;Beni Hat\u0131rla&#8221; se\u00e7ene\u011fini i\u015faretlerseniz, giri\u015f bilgileriniz iki hafta boyunca saklan\u0131r. Hesab\u0131n\u0131zdan \u00e7\u0131k\u0131\u015f yapt\u0131\u011f\u0131n\u0131zda, giri\u015f \u00e7erezleri silinir.<\/p>\n\n\n\n<p>Bir makaleyi d\u00fczenledi\u011finizde veya yay\u0131nlad\u0131\u011f\u0131n\u0131zda, taray\u0131c\u0131n\u0131za ek bir \u00e7erez kaydedilir. Bu \u00e7erez herhangi bir ki\u015fisel veri i\u00e7ermez ve yaln\u0131zca d\u00fczenledi\u011finiz yaz\u0131n\u0131n g\u00f6nderi kimli\u011fini (ID) belirtir. Bu \u00e7erez 1 g\u00fcn sonra s\u00fcresi dolarak silinir.<\/p>\n\n\n\n<h2 class=\"wp-block-heading\">Di\u011fer web sitelerinden yerle\u015ftirilmi\u015f i\u00e7erik<\/h2>\n\n\n\n<p>Bu sitedeki makaleler, g\u00f6m\u00fcl\u00fc i\u00e7erik (\u00f6rne\u011fin videolar, g\u00f6rseller, makaleler vb.) i\u00e7erebilir. Di\u011fer web sitelerinden gelen g\u00f6m\u00fcl\u00fc i\u00e7erikler, ziyaret\u00e7inin ilgili web sitesini do\u011frudan ziyaret etmi\u015f gibi ayn\u0131 \u015fekilde \u00e7al\u0131\u015f\u0131r.<\/p>\n\n\n\n<p>Bu web siteleri sizin hakk\u0131n\u0131zda veri toplayabilir, \u00e7erezler kullanabilir, \u00fc\u00e7\u00fcnc\u00fc taraf takip ara\u00e7lar\u0131 yerle\u015ftirebilir ve g\u00f6m\u00fcl\u00fc i\u00e7erikle etkile\u015fiminizi izleyebilir. E\u011fer bu web sitelerinde bir hesab\u0131n\u0131z varsa ve oturum a\u00e7t\u0131ysan\u0131z, g\u00f6m\u00fcl\u00fc i\u00e7erikle olan etkile\u015fiminiz de takip edilebilir.<\/p>\n\n\n\n<h2 class=\"wp-block-heading\">Verilerinizi kiminle payla\u015f\u0131yoruz<\/h2>\n\n\n\n<p>\u015eifre s\u0131f\u0131rlama talebinde bulundu\u011funuzda, IP adresiniz s\u0131f\u0131rlama e-postas\u0131na dahil edilir.<\/p>\n\n\n\n<h2 class=\"wp-block-heading\">Verilerinizi ne kadar s\u00fcreyle sakl\u0131yoruz<\/h2>\n\n\n\n<p>Bir yorum b\u0131rak\u0131rsan\u0131z, yorum ve meta verileri s\u00fcresiz olarak saklan\u0131r. Bu sayede, takip eden yorumlar\u0131 otomatik olarak tan\u0131yabilir ve onaylayabiliriz; b\u00f6ylece yorumlar denetim kuyru\u011funda bekletilmez.<\/p>\n\n\n\n<p>Web sitemize kay\u0131t olan kullan\u0131c\u0131lar (varsa) i\u00e7in, kullan\u0131c\u0131 profillerinde sa\u011flad\u0131klar\u0131 ki\u015fisel bilgileri de saklar\u0131z. T\u00fcm kullan\u0131c\u0131lar, ki\u015fisel bilgilerini istedikleri zaman g\u00f6r\u00fcnt\u00fcleyebilir, d\u00fczenleyebilir veya silebilir (kullan\u0131c\u0131 adlar\u0131 hari\u00e7, kullan\u0131c\u0131 ad\u0131 de\u011fi\u015ftirilemez). Web sitesi y\u00f6neticileri de bu bilgilere eri\u015febilir ve d\u00fczenleyebilir.<\/p>\n\n\n\n<h2 class=\"wp-block-heading\">Verileriniz \u00fczerinde sahip oldu\u011funuz haklar<\/h2>\n\n\n\n<p>Bu sitede bir hesab\u0131n\u0131z varsa veya yorum b\u0131rakt\u0131ysan\u0131z, hakk\u0131n\u0131zda saklad\u0131\u011f\u0131m\u0131z ki\u015fisel verileri i\u00e7eren, taraf\u0131n\u0131za sa\u011flam\u0131\u015f oldu\u011funuz t\u00fcm verileri de kapsayan d\u0131\u015fa aktar\u0131lm\u0131\u015f bir dosya talep edebilirsiniz.<\/p>\n\n\n\n<p>Ayr\u0131ca, hakk\u0131n\u0131zda saklad\u0131\u011f\u0131m\u0131z ki\u015fisel verilerin silinmesini de isteyebilirsiniz. Ancak bu durum; idari, hukuki veya g\u00fcvenlik ama\u00e7lar\u0131yla saklamakla y\u00fck\u00fcml\u00fc oldu\u011fumuz verileri kapsamaz.<\/p>\n\n\n\n<h2 class=\"wp-block-heading\">Verilerimizin g\u00f6nderildi\u011fi yer<\/h2>\n\n\n\n<p>Ziyaret\u00e7i yorumlar\u0131, otomatik bir spam (istenmeyen i\u00e7erik) tespit hizmeti arac\u0131l\u0131\u011f\u0131yla kontrol edilebilir.<\/p>\n","protected":false},"excerpt":{"rendered":"<p>Biz Kimiz? https:\/\/karbonfiberplaka.com. Yorumlar Ziyaret\u00e7iler sitede yorum b\u0131rakt\u0131\u011f\u0131nda, yorum formunda g\u00f6sterilen verileri; ayr\u0131ca istenmeyen yorumlar\u0131n (spam) tespitine yard\u0131mc\u0131 olmak amac\u0131yla ziyaret\u00e7inin IP adresini ve taray\u0131c\u0131 bilgilerini de toplar\u0131z. E-posta adresinizden olu\u015fturulan anonimle\u015ftirilmi\u015f bir dize (karma kod olarak da adland\u0131r\u0131l\u0131r), Gravatar hizmetini kullan\u0131p kullanmad\u0131\u011f\u0131n\u0131z\u0131 kontrol etmek amac\u0131yla Gravatar hizmetine iletilebilir. Gravatar hizmetinin gizlilik politikas\u0131na buradan ula\u015fabilirsiniz: [&hellip;]<\/p>\n","protected":false},"author":1,"featured_media":0,"parent":0,"menu_order":0,"comment_status":"closed","ping_status":"closed","template":"","meta":{"_monsterinsights_skip_tracking":false,"_monsterinsights_sitenote_active":false,"_monsterinsights_sitenote_note":"","_monsterinsights_sitenote_category":0,"footnotes":""},"class_list":["post-3","page","type-page","status-publish","hentry"],"aioseo_notices":[],"_links":{"self":[{"href":"https:\/\/karbonfiberplaka.com\/index.php\/wp-json\/wp\/v2\/pages\/3","targetHints":{"allow":["GET"]}}],"collection":[{"href":"https:\/\/karbonfiberplaka.com\/index.php\/wp-json\/wp\/v2\/pages"}],"about":[{"href":"https:\/\/karbonfiberplaka.com\/index.php\/wp-json\/wp\/v2\/types\/page"}],"author":[{"embeddable":true,"href":"https:\/\/karbonfiberplaka.com\/index.php\/wp-json\/wp\/v2\/users\/1"}],"replies":[{"embeddable":true,"href":"https:\/\/karbonfiberplaka.com\/index.php\/wp-json\/wp\/v2\/comments?post=3"}],"version-history":[{"count":3,"href":"https:\/\/karbonfiberplaka.com\/index.php\/wp-json\/wp\/v2\/pages\/3\/revisions"}],"predecessor-version":[{"id":12221,"href":"https:\/\/karbonfiberplaka.com\/index.php\/wp-json\/wp\/v2\/pages\/3\/revisions\/12221"}],"wp:attachment":[{"href":"https:\/\/karbonfiberplaka.com\/index.php\/wp-json\/wp\/v2\/media?parent=3"}],"curies":[{"name":"wp","href":"https:\/\/api.w.org\/{rel}","templated":true}]}}